7
What is (-18 - (-4 - -3)) + -5 + (13 - 4)?
-13
Calculate 51 + -49 + -1 + (-7 - -3).
-3
Evaluate (502 - 466) + (2 - 73).
-35
-19 + (17 - 17) - -18
-1
Calculate (-47 - (-15 - 35)) + (14 - (2 - 0)).
15
What is the value of 44 + (152 + -139 - (-1 - -32))?
26
23 + 3 + 1 + (1 - 9) - -11
30
(-270 - -273) + (-10 - 0)
-7
(-4 + 0 + 1 - (113 + -120)) + 6
10
Evaluate (-8 - -31) + -2 + -12 + 1.
10
3 - (18 + -2) - (-155 - -147)
-5
0 - 1 - (41 + -24 + -13)
-5
What is (29 + -12 - 20) + 1 + -14 + 2?
-14
What is -13 - (-20 - 0 - -18 - (-11 + 1))?
-21
What is -2 + -40 + 69 + -26?
1
What is (-24 - (-56 + 20)) + 4?
16
What is 5 - (2 - 8 - (30 + -32))?
9
Calculate 8 + -9 + (8 - 18).
-11
Calculate -2 + 3 + -6 + 4 + 4.
3
What is the value of 8 + -1 + -9 - 6?
-8
-4 + 24 + (82 - 125)
-23
-2 - ((-3 - 5 - -3) + 4 - -4)
-5
What is -7 - (-3 + 27) - -55?
24
Calculate (4 - (-10 + 9)) + 20.
25
What is (-2 - (0 - 8)) + -7 + (18 - 40)?
-23
What is the value of -3 - (3 - 2) - (150 + -141)?
-13
What is (-26 - -18) + -5 + 5?
-8
What is -6 - (2 - (30 + -16))?
6
Calculate (1 - -9) + -512 + 519.
17
(-12 - -11) + 2 + 2 + -8 + 4
-1
Calculate 12 + -6 + -17 + 7 - 25.
-29
Calculate -4 + (-1 - (6 - (29 + -5))).
13
What is (60 - 53) + (8 - -2)?
17
-17 - ((-30 - 3) + -20)
36
What is -5 - (29 + (-29 - -5) + 8)?
-18
What is the value of 11 + (18 - (-8 + 27))?
10
What is 39 + 9 - (0 + -13 - -25)?
36
Calculate (-6 - 4 - (5 + -1) - -5) + 3.
-6
1 - 0 - -3 - (8 + 9 - 9)
-4
Evaluate -1 + (15 - 1 - (20 - (33 - 16))).
10
Evaluate (-8 - -10) + -9 + 4 - -16.
13
-4 - (-11 - (5 + -9)) - -5 - -3
11
-3 - -1 - (-108 - -116) - (16 - 12)
-14
(-114 - -130) + 7 + 0
23
What is 2 - (-20 + (21 - 10) + 15)?
-4
What is the value of -5 + 10 - (4 - -10) - (0 - 0)?
-9
Evaluate (7 - (11 + -7)) + (-2 - -2 - 6).
-3
-7 - (6 - 0 - (-11 - -26))
2
Evaluate 3 + ((-21 - -22) + (-6 - 0) - 13).
-15
What is (-3 - -1 - 2) + -401 + 417?
12
Calculate (14 - (14 - 6 - -3)) + 15.
18
Evaluate -42 + (35 - 7 - 13).
-27
3 - 12 - -51 - (31 + -20)
31
What is the value of (8 + -24 - -24) + 3?
11
What is -30 + (4 - (11 + -7)) + 15 + -4?
-19
Evaluate 1 + -12 - (55 + -43 + -43).
20
13 + -3 + 1 + 17
28
What is the value of -8 - ((-1 - 7) + (29 - 23))?
-6
Calculate (-10 - (-9 + 2) - 7) + 10.
0
Calculate -7 + -30 + -2 + 8 + (-13 - -18).
-26
What is -17 - (-15 + 14 + (5 - 4))?
-17
1 - ((2 - 0) + 10) - (-155 - -152)
-8
What is the value of 9 + 90 + -93 + 2 + 1 + 2?
11
Evaluate -12 + (26 - 24 - 7).
-17
What is the value of 1 - (7 - 8) - (34 + -40)?
8
What is -2 + (3 - (3 - 8))?
6
Calculate -5 + (15 - 6 - (4 - 3)).
3
What is the value of 12 + 1 + -19 + 12 - (0 - 11)?
17
What is -8 - (-7 - 32 - (-13 - -10))?
28
Evaluate -4 - (-12 + (42 - 18)).
-16
Calculate -7 + 1 + -11 - (-9 - (-4 + 1)).
-11
18 - (-6 - (-1 + (1 - -2))) - 12
14
What is ((4 - 3) + 6 - 4) + (4 - -1)?
8
What is the value of -36 + 4 + 3 + -11 + 13 + 6?
-21
Calculate -1 + (-4 - -2 - 3) + (-1 - 4).
-11
Calculate -2 + 3 - (144 - 131).
-12
What is (0 - 4) + 4 + 6 + -6?
0
What is (-1 - -2 - (-113 + 121)) + -2 + 9?
0
What is the value of (-24 - 1) + (7 - -13)?
-5
Evaluate -32 + -7 + 7 - -24.
-8
59 + -6 + -25 - 34
-6
Evaluate -6 - (-5 + -26 - -10 - 0 - -7).
8
What is the value of -2 + 1 - 6 - (3 + 46 - 44)?
-12
-18 - (2 - 67) - 26
21
What is 6 - 16 - (-17 - -12) - 17?
-22
Calculate -352 + 388 - (18 + 2).
16
(4 - -3) + -19 + -2 + 13 + 23
22
1 - (-7 - -7) - (-17 + 40)
-22
Calculate 5 + (-19 - (14 + -17)).
-11
13 - (0 + 11 - -4 - 13)
11
3 + 4 + (3 + -9 - -1)
2
Calculate 1 - -6 - (-5 + (29 - 21)) - -12.
16
Calculate 1 + (-19 - -27) + -2.
7
What is -6 + -4 - (13 - (10 - -1))?
-12
Evaluate 16 + -27 + 3 - -6.
-2
Calculate 20 + 7 + -15 - 21 - (-28 - 0).
19
Evaluate (23 - 13) + -10 - 4.
-4
Evaluate 12 + -22 + 20 + -37.
-27
444 - 463 - (0 + 8)
-27
Calculate 6 + -20 - (15 - 26).
-3
What is 30 - (-30 - (30 + -77))?
13
4 + 6 + -24 + (11 - 5)
-8
What is (-73 - -57) + 2 + 2?
-12
Calculate -2 + (0 - (0 - -3) - 5).
-10
What is the value of 10 + (18 - (-14 + 28)) - (8 - 1)?
7
34 + -52 - (1 - 12)
-7
What is 17 + (-21 - 6) + 5?
-5
(83 - 61) + -5 + -34
-17
What is 0 + -13 + -35 + 16 + 8?
-24
1 - 6 - ((1 - 3) + 8)
-11
What is the value of -10 + 19 + -22 + 13?
0
What is (-99 - -46) + 14 - -39?
0
Calculate (-1 - (15 + -11)) + 6.
1
Evaluate (18 - 3) + 7 + 10 + -25.
7
What is 2 + -8 + -4 + 8 - -11?
9
Calculate (-3 - (-3 - -1)) + 18 + -20 + 1.
-2
Evaluate -6 + (42 - (-33 + 47)).
22
What is -3 + 1 + (-10 - 1 - -16) - 10?
-7
1 + -23 - (-30 - (-12 - 10))
-14
What is -8 - 6 - (-12 + 15)?
-17
What is the value of -2 - (15 - (-10 + 17))?
-10
Calculate 10 + -1 - (327 + -319).
1
1 - (14 + (1 - -3) + -10 + -3)
-4
Evaluate -12 - ((-3 - 4) + 16).
-21
Evaluate -24 + -24 + 19 + 27.
-2
What is the value of -9 - 1 - (11 - (17 + -8))?
-12
Evaluate 13 + -18 + -1 + (3 - (4 - -4)).
-11
-1 + (-6 - -26) - (4 - 1 - -3)
13
6 - (24 + (0 + 20 - 35))
-3
Calculate 6 - (-15 + -20 - -32).
9
What is the value of -14 + (-60 - -26 - -49)?
1
3 + ((-2 - -7) + 2 - 5) - -2
7
Evaluate 4 + 35 + 332 + -366.
5
Evaluate 33 + -37 + (-24 - -40).
12
What is (18 - 18) + -5 + (0 - 1) + 6?
0
What is -46 + 19 + 34 - 31?
-24
-12 + (13 - 19) - (-11 - 6)
-1
Calculate -3 - -5 - (-1 - 1 - -13).
-9
Evaluate -3 + 11 + -12 + 15.
11
Evaluate -1 + (-15 - (-18 - -5) - (-19 + 0)).
16
Evaluate 15 - (31 + 2 + -10).
-8
14 + -1 - (-15 - -25) - 19
-16
What is the value of 13 + (0 - 7) + -9 + -5 - -1?
-7
(-12 - 16) + 25 - -13
10
What is the value of 31 - 0 - ((14 - 24) + 22)?
19
Evaluate (19 - 1 - (-52 - -61)) + -21 + -1.
-13
What is 1 + (1 - 1) - (41 - 67 - -40)?
-13
(-5 - (6 - 3)) + 23 - (0 - 1)
16
Calculate -11 + 4 + 10 + (3 + -3 - -1).
4
Calculate -15 - 2 - (-173 + 188 - (0 - -23)).
-9
What is -1 + -63 + 83 + (-41 - 0)?
-22
(-7 - -2) + -1 - ((8 - 24) + -10)
20
What is -22 + 14 - (0 - (-1 - -11)) - 11?
-9
What is the value of (-1 - ((-10 - -15) + -5 + -1)) + -16?
-16
Evaluate 678 - 645 - (57 + 0).
-24
0 + 0 + (0 - -1) + -59 + 53
-5
What is the value of 13 - (-2 - -12) - (3 - -14)?
-14
Evaluate -90 - -89 - (-2 - 2).
3
15 - (1 + 6 + 7 + 9)
-8
-4 - (-7 + -3 - -5) - (-79 + 106)
-26
What is the value of (0 + -29 - (-1 + -6)) + 8 + -3?
-17
Evaluate 22 + -12 + (10 - -4 - 3).
21
-18 + -4 + 16 - 20
-26
What is 1 + 24 + -2 + 9 + -16?
16
Calculate (16 - -6) + -11 + -20 - (0 + -8).
-1
Calculate -5 + 0 - (25 + -9 + 7 - 6).
-22
What is (16 - (-1 - -1)) + -8 - 5?
3
Evaluate 12 + -7 + (11 - 17).
-1
What is the value of 121 - 125 - (-3 + -14)?
13
What is 9 + (19 - 21) + (1 - 2)?
6
-11 - (-12 - 13 - -19)
-5
What is (20 + 0 - 5) + (6 - 1) + -3?
17
Evaluate -5 - ((-2 - -2) + (-33 - -47)).
-19
What is -17 - -35 - (-9 - 2 - -7)?
22
Calculate (2 + -5 - (13 - 11)) + (0 - -17).
12
Calculate 2 - (-4 + 1) - -7 - (-3 - -10).
5
Evaluate (-7 + 5 + 4 - (6 + 4)) + -4.
-12
26 + (-21 - -8 - -15) + -3
25
166 + -182 - ((5 - 3) + -12)
-6
What is 39 - (3 - -2) - (-13 - -24)?
23
-7 - (0 - (-3 + (-1 - -8)) - 8)
5
Evaluate 3 + -16 + (16 - 16) + 8.
-5
What is the value of (2 - 0) + (-29 - -22) + 0?
-5
What is -20 - (25 - (13 - -17))?
-15
Calculate 9 - (1 + -1 - 4) - -3.
16
Evaluate 1 - (-3 + -3 - -5) - (0 + -4).
6
What is the value of 2 + -9 + (-17 + 28 - -2)?
6
Evaluate 4 - (2 + -10) - (22 + -17) - 13.
-6
5 + 7 + 17 - 23
6
Evaluate 8 - 7 - (-2 + -1).
4
Evaluate 5 - (-27 + 13 - -13).
6
10 + -42 + (-60 - -91)
-1
Evaluate -10 + 14 - -4 - (0 + 5).
3
10 - (-23 - -33) - 17
-17
What is the value of -13 - (2 + -17 + 9) - 12?
-19
What is the value of (9 + -4 - 1) + -1 + 3 - -4?
10
4 - (26 - 4 - 21)
3
What is 13 + (-8 - (-10 + (2 - 14)))?
27
What is (-4 - -1 - -1) + (-27 - -33)?
4
What is the value of -25 + (-11 + (-13 - -13) - -21)?
-15
Evaluate (-7 - (-18 + 17)) + (15 - -2).
11
Calculate (-1 - 12 - -19) + -12.
-6
What is the value of (26 - 53 - -23) + 18?
14
What is (2 - 6) + (-18 - -12) - (-46 + 0)?
36
Evaluate 11 - (9 + -7) - -6.
15
Calculate 12 + -20 + 2 + -7 + 9.
-4
Evaluate (4 + 7 - 24) + (0 - -3).
-10
7 + -16 + 6 - (-4 - -3) - -22
20
What is -1 + -24 + -2 + 4 - 1?
-24
Calculate 23 + (20 + -38 - 27).
-22
-25 + 29 + (3 - 2) + 11 + -2
14
Calculate 3 - 8 - (45 - 56).
6
What is the value of -8 - (5 + -14 + (-5 - -7) + -34)?
33
Calculate 24 + -28 - ((15 - 5) + -6).
-8
Evaluate -14 - (14 - (27 + (6 - 10))).
-5
Evaluate 23 + -13 +